{"id":9272,"date":"2023-09-01T12:39:04","date_gmt":"2023-09-01T10:39:04","guid":{"rendered":"https:\/\/fipguadalquivir.org\/programa\/encarnadas-concierto-clausura-14-fip-guadalquivir\/"},"modified":"2023-09-13T18:32:59","modified_gmt":"2023-09-13T16:32:59","slug":"encarnadas-concierto-clausura-14-fip-guadalquivir","status":"publish","type":"programa","link":"https:\/\/fipguadalquivir.org\/en\/program\/encarnadas-concierto-clausura-14-fip-guadalquivir\/","title":{"rendered":"\u201cEncarnadas\u201d\u00a0 Closing concert\u00a0 14 FIP Guadalquivir"},"content":{"rendered":"\n<p>The union between Spain and Mexico will have its finishing touch in Mexico City itself, specifically in the imposing Palace of Fine Arts, a World Heritage Site, one of the most important in all of Latin America, where the most beautiful melodies of our culture will sound. . It will be represented by the Spanish Rosa Torres-Pardo, pianist and winner of the National Music Award in the performance category, and the legendary National Symphony Orchestra of Mexico, which is celebrating its 95th anniversary and will be conducted by maestro Ludwig Carrasco.<\/p>\n\n\n\n<p>The evening will begin with the premiere in Mexico of &#8220;The Courage of the Rose&#8221;, a work by the soprano, composer and orchestra director, Pilar Jurado, inspired by the figure of Pilar Bueno Iba\u00f1ez, one of the thirteen roses shot that August 5 in Almudena. We will continue with a festive, devotional and spontaneous atmosphere of the Roc\u00edo procession by Sevillian Joaqu\u00edn Turina, full of bright and lavish colors to continue in crescendo with the Spanish Rhapsody by Isaac Alb\u00e9niz in its version orchestrated by Cristobal Halffter. We will say goodbye with a &#8220;see you soon&#8221; under the well-known Symphony No. 5 by Peter Ilich Tchaikovsky.<\/p>\n\n\n\n<p>It will be the closing of the first edition in which the FIP Guadalquivir crosses the Atlantic Ocean, joining a culture impregnated with color and nuances. A before and after without a doubt in the evolution and projection of this festival to the world through the union of Unesco Heritage stages.<\/p>\n\n\n\n<p>From the city of C\u00f3rdoba to the world and from classical music to the music of our roots.<\/p>\n","protected":false},"featured_media":9274,"template":"","categorias-programa":[99,101],"class_list":["post-9272","programa","type-programa","status-publish","has-post-thumbnail","hentry","categorias-programa-concierto-en","categorias-programa-pre-en"],"yoast_head":"<!-- This site is optimized with the Yoast SEO plugin v21.1 - https:\/\/yoast.com\/wordpress\/plugins\/seo\/ -->\n<title>\u201cEncarnadas\u201d\u00a0 Closing concert\u00a0 14 FIP Guadalquivir - 14 FIP Guadalquivir<\/title>\n<meta name=\"robots\" content=\"index, follow, max-snippet:-1, max-image-preview:large, max-video-preview:-1\" \/>\n<link rel=\"canonical\" href=\"https:\/\/fipguadalquivir.org\/en\/program\/encarnadas-concierto-clausura-14-fip-guadalquivir\/\" \/>\n<meta property=\"og:locale\" content=\"en_US\" \/>\n<meta property=\"og:type\" content=\"article\" \/>\n<meta property=\"og:title\" content=\"\u201cEncarnadas\u201d\u00a0 Closing concert\u00a0 14 FIP Guadalquivir - 14 FIP Guadalquivir\" \/>\n<meta property=\"og:description\" content=\"The union between Spain and Mexico will have its finishing touch in Mexico City itself, specifically in the imposing Palace of Fine Arts, a World Heritage Site, one of the most important in all of Latin America, where the most beautiful melodies of our culture will sound. . It will be represented by the Spanish [&hellip;]\" \/>\n<meta property=\"og:url\" content=\"https:\/\/fipguadalquivir.org\/en\/program\/encarnadas-concierto-clausura-14-fip-guadalquivir\/\" \/>\n<meta property=\"og:site_name\" content=\"14 FIP Guadalquivir\" \/>\n<meta property=\"article:modified_time\" content=\"2023-09-13T16:32:59+00:00\" \/>\n<meta property=\"og:image\" content=\"https:\/\/fipguadalquivir.org\/wp-content\/uploads\/2023\/09\/orquesta-sinfonica-nacional-ok.jpg\" \/>\n\t<meta property=\"og:image:width\" content=\"2300\" \/>\n\t<meta property=\"og:image:height\" content=\"1301\" \/>\n\t<meta property=\"og:image:type\" content=\"image\/jpeg\" \/>\n<meta name=\"twitter:card\" content=\"summary_large_image\" \/>\n<meta name=\"twitter:label1\" content=\"Est. reading time\" \/>\n\t<meta name=\"twitter:data1\" content=\"2 minutes\" \/>\n<script type=\"application\/ld+json\" class=\"yoast-schema-graph\">{\"@context\":\"https:\/\/schema.org\",\"@graph\":[{\"@type\":\"WebPage\",\"@id\":\"https:\/\/fipguadalquivir.org\/en\/program\/encarnadas-concierto-clausura-14-fip-guadalquivir\/\",\"url\":\"https:\/\/fipguadalquivir.org\/en\/program\/encarnadas-concierto-clausura-14-fip-guadalquivir\/\",\"name\":\"\u201cEncarnadas\u201d\u00a0 Closing concert\u00a0 14 FIP Guadalquivir - 14 FIP Guadalquivir\",\"isPartOf\":{\"@id\":\"https:\/\/fipguadalquivir.org\/en\/#website\"},\"datePublished\":\"2023-09-01T10:39:04+00:00\",\"dateModified\":\"2023-09-13T16:32:59+00:00\",\"breadcrumb\":{\"@id\":\"https:\/\/fipguadalquivir.org\/en\/program\/encarnadas-concierto-clausura-14-fip-guadalquivir\/#breadcrumb\"},\"inLanguage\":\"en-US\",\"potentialAction\":[{\"@type\":\"ReadAction\",\"target\":[\"https:\/\/fipguadalquivir.org\/en\/program\/encarnadas-concierto-clausura-14-fip-guadalquivir\/\"]}]},{\"@type\":\"BreadcrumbList\",\"@id\":\"https:\/\/fipguadalquivir.org\/en\/program\/encarnadas-concierto-clausura-14-fip-guadalquivir\/#breadcrumb\",\"itemListElement\":[{\"@type\":\"ListItem\",\"position\":1,\"name\":\"Portada\",\"item\":\"https:\/\/fipguadalquivir.org\/en\/\"},{\"@type\":\"ListItem\",\"position\":2,\"name\":\"Programa\",\"item\":\"https:\/\/fipguadalquivir.org\/en\/program\/\"},{\"@type\":\"ListItem\",\"position\":3,\"name\":\"\u201cEncarnadas\u201d\u00a0 Closing concert\u00a0 14 FIP Guadalquivir\"}]},{\"@type\":\"WebSite\",\"@id\":\"https:\/\/fipguadalquivir.org\/en\/#website\",\"url\":\"https:\/\/fipguadalquivir.org\/en\/\",\"name\":\"14 FIP Guadalquivir\",\"description\":\"\",\"potentialAction\":[{\"@type\":\"SearchAction\",\"target\":{\"@type\":\"EntryPoint\",\"urlTemplate\":\"https:\/\/fipguadalquivir.org\/en\/?s={search_term_string}\"},\"query-input\":\"required name=search_term_string\"}],\"inLanguage\":\"en-US\"}]}<\/script>\n<!-- \/ Yoast SEO plugin. -->","yoast_head_json":{"title":"\u201cEncarnadas\u201d\u00a0 Closing concert\u00a0 14 FIP Guadalquivir - 14 FIP Guadalquivir","robots":{"index":"index","follow":"follow","max-snippet":"max-snippet:-1","max-image-preview":"max-image-preview:large","max-video-preview":"max-video-preview:-1"},"canonical":"https:\/\/fipguadalquivir.org\/en\/program\/encarnadas-concierto-clausura-14-fip-guadalquivir\/","og_locale":"en_US","og_type":"article","og_title":"\u201cEncarnadas\u201d\u00a0 Closing concert\u00a0 14 FIP Guadalquivir - 14 FIP Guadalquivir","og_description":"The union between Spain and Mexico will have its finishing touch in Mexico City itself, specifically in the imposing Palace of Fine Arts, a World Heritage Site, one of the most important in all of Latin America, where the most beautiful melodies of our culture will sound. . It will be represented by the Spanish [&hellip;]","og_url":"https:\/\/fipguadalquivir.org\/en\/program\/encarnadas-concierto-clausura-14-fip-guadalquivir\/","og_site_name":"14 FIP Guadalquivir","article_modified_time":"2023-09-13T16:32:59+00:00","og_image":[{"width":2300,"height":1301,"url":"https:\/\/fipguadalquivir.org\/wp-content\/uploads\/2023\/09\/orquesta-sinfonica-nacional-ok.jpg","type":"image\/jpeg"}],"twitter_card":"summary_large_image","twitter_misc":{"Est. reading time":"2 minutes"},"schema":{"@context":"https:\/\/schema.org","@graph":[{"@type":"WebPage","@id":"https:\/\/fipguadalquivir.org\/en\/program\/encarnadas-concierto-clausura-14-fip-guadalquivir\/","url":"https:\/\/fipguadalquivir.org\/en\/program\/encarnadas-concierto-clausura-14-fip-guadalquivir\/","name":"\u201cEncarnadas\u201d\u00a0 Closing concert\u00a0 14 FIP Guadalquivir - 14 FIP Guadalquivir","isPartOf":{"@id":"https:\/\/fipguadalquivir.org\/en\/#website"},"datePublished":"2023-09-01T10:39:04+00:00","dateModified":"2023-09-13T16:32:59+00:00","breadcrumb":{"@id":"https:\/\/fipguadalquivir.org\/en\/program\/encarnadas-concierto-clausura-14-fip-guadalquivir\/#breadcrumb"},"inLanguage":"en-US","potentialAction":[{"@type":"ReadAction","target":["https:\/\/fipguadalquivir.org\/en\/program\/encarnadas-concierto-clausura-14-fip-guadalquivir\/"]}]},{"@type":"BreadcrumbList","@id":"https:\/\/fipguadalquivir.org\/en\/program\/encarnadas-concierto-clausura-14-fip-guadalquivir\/#breadcrumb","itemListElement":[{"@type":"ListItem","position":1,"name":"Portada","item":"https:\/\/fipguadalquivir.org\/en\/"},{"@type":"ListItem","position":2,"name":"Programa","item":"https:\/\/fipguadalquivir.org\/en\/program\/"},{"@type":"ListItem","position":3,"name":"\u201cEncarnadas\u201d\u00a0 Closing concert\u00a0 14 FIP Guadalquivir"}]},{"@type":"WebSite","@id":"https:\/\/fipguadalquivir.org\/en\/#website","url":"https:\/\/fipguadalquivir.org\/en\/","name":"14 FIP Guadalquivir","description":"","potentialAction":[{"@type":"SearchAction","target":{"@type":"EntryPoint","urlTemplate":"https:\/\/fipguadalquivir.org\/en\/?s={search_term_string}"},"query-input":"required name=search_term_string"}],"inLanguage":"en-US"}]}},"_links":{"self":[{"href":"https:\/\/fipguadalquivir.org\/en\/wp-json\/wp\/v2\/programa\/9272","targetHints":{"allow":["GET"]}}],"collection":[{"href":"https:\/\/fipguadalquivir.org\/en\/wp-json\/wp\/v2\/programa"}],"about":[{"href":"https:\/\/fipguadalquivir.org\/en\/wp-json\/wp\/v2\/types\/programa"}],"wp:featuredmedia":[{"embeddable":true,"href":"https:\/\/fipguadalquivir.org\/en\/wp-json\/wp\/v2\/media\/9274"}],"wp:attachment":[{"href":"https:\/\/fipguadalquivir.org\/en\/wp-json\/wp\/v2\/media?parent=9272"}],"wp:term":[{"taxonomy":"categorias-programa","embeddable":true,"href":"https:\/\/fipguadalquivir.org\/en\/wp-json\/wp\/v2\/categorias-programa?post=9272"}],"curies":[{"name":"wp","href":"https:\/\/api.w.org\/{rel}","templated":true}]}}

<p>The union between Spain and Mexico will have its finishing touch in Mexico City itself, specifically in the imposing Palace of Fine Arts, a World Heritage Site, one of the most important in all of Latin America, where the most beautiful melodies of our culture will sound. . It will be represented by the Spanish Rosa Torres-Pardo, pianist and winner of the National Music Award in the performance category, and the legendary National Symphony Orchestra of Mexico, which is celebrating its 95th anniversary and will be conducted by maestro Ludwig Carrasco.</p>



<p>The evening will begin with the premiere in Mexico of &#8220;The Courage of the Rose&#8221;, a work by the soprano, composer and orchestra director, Pilar Jurado, inspired by the figure of Pilar Bueno Ibañez, one of the thirteen roses shot that August 5 in Almudena. We will continue with a festive, devotional and spontaneous atmosphere of the Rocío procession by Sevillian Joaquín Turina, full of bright and lavish colors to continue in crescendo with the Spanish Rhapsody by Isaac Albéniz in its version orchestrated by Cristobal Halffter. We will say goodbye with a &#8220;see you soon&#8221; under the well-known Symphony No. 5 by Peter Ilich Tchaikovsky.</p>



<p>It will be the closing of the first edition in which the FIP Guadalquivir crosses the Atlantic Ocean, joining a culture impregnated with color and nuances. A before and after without a doubt in the evolution and projection of this festival to the world through the union of Unesco Heritage stages.</p>



<p>From the city of Córdoba to the world and from classical music to the music of our roots.</p>
