{"id":9232,"date":"2023-08-30T18:02:27","date_gmt":"2023-08-30T16:02:27","guid":{"rendered":"https:\/\/fipguadalquivir.org\/artista\/carmen-perez-salmoral\/"},"modified":"2023-09-13T17:50:09","modified_gmt":"2023-09-13T15:50:09","slug":"carmen-perez-salmoral","status":"publish","type":"artista","link":"https:\/\/fipguadalquivir.org\/en\/artist\/carmen-perez-salmoral\/","title":{"rendered":"Carmen P\u00e9rez Salmoral"},"content":{"rendered":"\n<p>Carmen P\u00e9rez Salmoral, born in 2002 in Valencina, Sevilla, has earned accolades in various piano competitions, notably the I Julio Garc\u00eda Casas Piano Competition for Young Talents, the Jerez City Piano Competition, the Esteban S\u00e1nchez International Piano Competition, the Marisa Montiel Linares City Piano Competition, and the Infanta Cristina Piano Competition. Thanks to the latter, she was granted a scholarship to attend the V AIE-Loewe-Hazen Meeting at the Madrid Residencia de Estudiantes (Student Housing).<\/p>\n\n\n\n<p>Carmen commenced her musical studies at the Sanl\u00facar la Mayor Conservatory in Seville, continuing her education under the tutelage of pianist Tommaso Cogato. Subsequently, she pursued her studies at the Yehudi Menuhin School in the United Kingdom from 2018 to 2020, receiving instruction from Marcel Baudet. Carmen has also enriched her skills through masterclasses led by renowned musicians, including Pasquale Iannone, Jen\u0151 Jand\u00f3, Albert Attenelle, and Oscar Mart\u00edn, among others.<\/p>\n\n\n\n<p>Presently, she is a student at the Orchestral Studies Academy of the Barenboim-Said Foundation, where she is under the guidance of Professor Michael Wendeberg.<\/p>\n","protected":false},"featured_media":9233,"template":"","disciplina":[86],"class_list":["post-9232","artista","type-artista","status-publish","has-post-thumbnail","hentry","disciplina-pianist"],"yoast_head":"<!-- This site is optimized with the Yoast SEO plugin v21.1 - https:\/\/yoast.com\/wordpress\/plugins\/seo\/ -->\n<title>Carmen P\u00e9rez Salmoral - 14 FIP Guadalquivir<\/title>\n<meta name=\"robots\" content=\"index, follow, max-snippet:-1, max-image-preview:large, max-video-preview:-1\" \/>\n<link rel=\"canonical\" href=\"https:\/\/fipguadalquivir.org\/en\/artist\/carmen-perez-salmoral\/\" \/>\n<meta property=\"og:locale\" content=\"en_US\" \/>\n<meta property=\"og:type\" content=\"article\" \/>\n<meta property=\"og:title\" content=\"Carmen P\u00e9rez Salmoral - 14 FIP Guadalquivir\" \/>\n<meta property=\"og:description\" content=\"Carmen P\u00e9rez Salmoral, born in 2002 in Valencina, Sevilla, has earned accolades in various piano competitions, notably the I Julio Garc\u00eda Casas Piano Competition for Young Talents, the Jerez City Piano Competition, the Esteban S\u00e1nchez International Piano Competition, the Marisa Montiel Linares City Piano Competition, and the Infanta Cristina Piano Competition. Thanks to the latter, [&hellip;]\" \/>\n<meta property=\"og:url\" content=\"https:\/\/fipguadalquivir.org\/en\/artist\/carmen-perez-salmoral\/\" \/>\n<meta property=\"og:site_name\" content=\"14 FIP Guadalquivir\" \/>\n<meta property=\"article:modified_time\" content=\"2023-09-13T15:50:09+00:00\" \/>\n<meta property=\"og:image\" content=\"https:\/\/fipguadalquivir.org\/wp-content\/uploads\/2023\/08\/Carmen-Perez-Salmoral-artista.jpg\" \/>\n\t<meta property=\"og:image:width\" content=\"2094\" \/>\n\t<meta property=\"og:image:height\" content=\"1358\" \/>\n\t<meta property=\"og:image:type\" content=\"image\/jpeg\" \/>\n<meta name=\"twitter:card\" content=\"summary_large_image\" \/>\n<meta name=\"twitter:label1\" content=\"Est. reading time\" \/>\n\t<meta name=\"twitter:data1\" content=\"1 minute\" \/>\n<script type=\"application\/ld+json\" class=\"yoast-schema-graph\">{\"@context\":\"https:\/\/schema.org\",\"@graph\":[{\"@type\":\"WebPage\",\"@id\":\"https:\/\/fipguadalquivir.org\/en\/artist\/carmen-perez-salmoral\/\",\"url\":\"https:\/\/fipguadalquivir.org\/en\/artist\/carmen-perez-salmoral\/\",\"name\":\"Carmen P\u00e9rez Salmoral - 14 FIP Guadalquivir\",\"isPartOf\":{\"@id\":\"https:\/\/fipguadalquivir.org\/en\/#website\"},\"datePublished\":\"2023-08-30T16:02:27+00:00\",\"dateModified\":\"2023-09-13T15:50:09+00:00\",\"breadcrumb\":{\"@id\":\"https:\/\/fipguadalquivir.org\/en\/artist\/carmen-perez-salmoral\/#breadcrumb\"},\"inLanguage\":\"en-US\",\"potentialAction\":[{\"@type\":\"ReadAction\",\"target\":[\"https:\/\/fipguadalquivir.org\/en\/artist\/carmen-perez-salmoral\/\"]}]},{\"@type\":\"BreadcrumbList\",\"@id\":\"https:\/\/fipguadalquivir.org\/en\/artist\/carmen-perez-salmoral\/#breadcrumb\",\"itemListElement\":[{\"@type\":\"ListItem\",\"position\":1,\"name\":\"Portada\",\"item\":\"https:\/\/fipguadalquivir.org\/en\/\"},{\"@type\":\"ListItem\",\"position\":2,\"name\":\"Artistas\",\"item\":\"https:\/\/fipguadalquivir.org\/en\/artistas\/\"},{\"@type\":\"ListItem\",\"position\":3,\"name\":\"Carmen P\u00e9rez Salmoral\"}]},{\"@type\":\"WebSite\",\"@id\":\"https:\/\/fipguadalquivir.org\/en\/#website\",\"url\":\"https:\/\/fipguadalquivir.org\/en\/\",\"name\":\"14 FIP Guadalquivir\",\"description\":\"\",\"potentialAction\":[{\"@type\":\"SearchAction\",\"target\":{\"@type\":\"EntryPoint\",\"urlTemplate\":\"https:\/\/fipguadalquivir.org\/en\/?s={search_term_string}\"},\"query-input\":\"required name=search_term_string\"}],\"inLanguage\":\"en-US\"}]}<\/script>\n<!-- \/ Yoast SEO plugin. -->","yoast_head_json":{"title":"Carmen P\u00e9rez Salmoral - 14 FIP Guadalquivir","robots":{"index":"index","follow":"follow","max-snippet":"max-snippet:-1","max-image-preview":"max-image-preview:large","max-video-preview":"max-video-preview:-1"},"canonical":"https:\/\/fipguadalquivir.org\/en\/artist\/carmen-perez-salmoral\/","og_locale":"en_US","og_type":"article","og_title":"Carmen P\u00e9rez Salmoral - 14 FIP Guadalquivir","og_description":"Carmen P\u00e9rez Salmoral, born in 2002 in Valencina, Sevilla, has earned accolades in various piano competitions, notably the I Julio Garc\u00eda Casas Piano Competition for Young Talents, the Jerez City Piano Competition, the Esteban S\u00e1nchez International Piano Competition, the Marisa Montiel Linares City Piano Competition, and the Infanta Cristina Piano Competition. Thanks to the latter, [&hellip;]","og_url":"https:\/\/fipguadalquivir.org\/en\/artist\/carmen-perez-salmoral\/","og_site_name":"14 FIP Guadalquivir","article_modified_time":"2023-09-13T15:50:09+00:00","og_image":[{"width":2094,"height":1358,"url":"https:\/\/fipguadalquivir.org\/wp-content\/uploads\/2023\/08\/Carmen-Perez-Salmoral-artista.jpg","type":"image\/jpeg"}],"twitter_card":"summary_large_image","twitter_misc":{"Est. reading time":"1 minute"},"schema":{"@context":"https:\/\/schema.org","@graph":[{"@type":"WebPage","@id":"https:\/\/fipguadalquivir.org\/en\/artist\/carmen-perez-salmoral\/","url":"https:\/\/fipguadalquivir.org\/en\/artist\/carmen-perez-salmoral\/","name":"Carmen P\u00e9rez Salmoral - 14 FIP Guadalquivir","isPartOf":{"@id":"https:\/\/fipguadalquivir.org\/en\/#website"},"datePublished":"2023-08-30T16:02:27+00:00","dateModified":"2023-09-13T15:50:09+00:00","breadcrumb":{"@id":"https:\/\/fipguadalquivir.org\/en\/artist\/carmen-perez-salmoral\/#breadcrumb"},"inLanguage":"en-US","potentialAction":[{"@type":"ReadAction","target":["https:\/\/fipguadalquivir.org\/en\/artist\/carmen-perez-salmoral\/"]}]},{"@type":"BreadcrumbList","@id":"https:\/\/fipguadalquivir.org\/en\/artist\/carmen-perez-salmoral\/#breadcrumb","itemListElement":[{"@type":"ListItem","position":1,"name":"Portada","item":"https:\/\/fipguadalquivir.org\/en\/"},{"@type":"ListItem","position":2,"name":"Artistas","item":"https:\/\/fipguadalquivir.org\/en\/artistas\/"},{"@type":"ListItem","position":3,"name":"Carmen P\u00e9rez Salmoral"}]},{"@type":"WebSite","@id":"https:\/\/fipguadalquivir.org\/en\/#website","url":"https:\/\/fipguadalquivir.org\/en\/","name":"14 FIP Guadalquivir","description":"","potentialAction":[{"@type":"SearchAction","target":{"@type":"EntryPoint","urlTemplate":"https:\/\/fipguadalquivir.org\/en\/?s={search_term_string}"},"query-input":"required name=search_term_string"}],"inLanguage":"en-US"}]}},"_links":{"self":[{"href":"https:\/\/fipguadalquivir.org\/en\/wp-json\/wp\/v2\/artista\/9232","targetHints":{"allow":["GET"]}}],"collection":[{"href":"https:\/\/fipguadalquivir.org\/en\/wp-json\/wp\/v2\/artista"}],"about":[{"href":"https:\/\/fipguadalquivir.org\/en\/wp-json\/wp\/v2\/types\/artista"}],"wp:featuredmedia":[{"embeddable":true,"href":"https:\/\/fipguadalquivir.org\/en\/wp-json\/wp\/v2\/media\/9233"}],"wp:attachment":[{"href":"https:\/\/fipguadalquivir.org\/en\/wp-json\/wp\/v2\/media?parent=9232"}],"wp:term":[{"taxonomy":"disciplina","embeddable":true,"href":"https:\/\/fipguadalquivir.org\/en\/wp-json\/wp\/v2\/disciplina?post=9232"}],"curies":[{"name":"wp","href":"https:\/\/api.w.org\/{rel}","templated":true}]}}

Carmen Pérez Salmoral

<p>Carmen Pérez Salmoral, born in 2002 in Valencina, Sevilla, has earned accolades in various piano competitions, notably the I Julio García Casas Piano Competition for Young Talents, the Jerez City Piano Competition, the Esteban Sánchez International Piano Competition, the Marisa Montiel Linares City Piano Competition, and the Infanta Cristina Piano Competition. Thanks to the latter, she was granted a scholarship to attend the V AIE-Loewe-Hazen Meeting at the Madrid Residencia de Estudiantes (Student Housing).</p>



<p>Carmen commenced her musical studies at the Sanlúcar la Mayor Conservatory in Seville, continuing her education under the tutelage of pianist Tommaso Cogato. Subsequently, she pursued her studies at the Yehudi Menuhin School in the United Kingdom from 2018 to 2020, receiving instruction from Marcel Baudet. Carmen has also enriched her skills through masterclasses led by renowned musicians, including Pasquale Iannone, Jenő Jandó, Albert Attenelle, and Oscar Martín, among others.</p>



<p>Presently, she is a student at the Orchestral Studies Academy of the Barenboim-Said Foundation, where she is under the guidance of Professor Michael Wendeberg.</p>

<!-- This site is optimized with the Yoast SEO plugin v21.1 - https://yoast.com/wordpress/plugins/seo/ -->
<title>Carmen Pérez Salmoral - 14 FIP Guadalquivir</title>
<meta name="robots" content="index, follow, max-snippet:-1, max-image-preview:large, max-video-preview:-1" />
<link rel="canonical" href="https://fipguadalquivir.org/en/artist/carmen-perez-salmoral/" />
<meta property="og:locale" content="en_US" />
<meta property="og:type" content="article" />
<meta property="og:title" content="Carmen Pérez Salmoral - 14 FIP Guadalquivir" />
<meta property="og:description" content="Carmen Pérez Salmoral, born in 2002 in Valencina, Sevilla, has earned accolades in various piano competitions, notably the I Julio García Casas Piano Competition for Young Talents, the Jerez City Piano Competition, the Esteban Sánchez International Piano Competition, the Marisa Montiel Linares City Piano Competition, and the Infanta Cristina Piano Competition. Thanks to the latter, [&hellip;]" />
<meta property="og:url" content="https://fipguadalquivir.org/en/artist/carmen-perez-salmoral/" />
<meta property="og:site_name" content="14 FIP Guadalquivir" />
<meta property="article:modified_time" content="2023-09-13T15:50:09+00:00" />
<meta property="og:image" content="https://fipguadalquivir.org/wp-content/uploads/2023/08/Carmen-Perez-Salmoral-artista.jpg" />
	<meta property="og:image:width" content="2094" />
	<meta property="og:image:height" content="1358" />
	<meta property="og:image:type" content="image/jpeg" />
<meta name="twitter:card" content="summary_large_image" />
<meta name="twitter:label1" content="Est. reading time" />
	<meta name="twitter:data1" content="1 minute" />
<script type="application/ld+json" class="yoast-schema-graph">{"@context":"https://schema.org","@graph":[{"@type":"WebPage","@id":"https://fipguadalquivir.org/en/artist/carmen-perez-salmoral/","url":"https://fipguadalquivir.org/en/artist/carmen-perez-salmoral/","name":"Carmen Pérez Salmoral - 14 FIP Guadalquivir","isPartOf":{"@id":"https://fipguadalquivir.org/en/#website"},"datePublished":"2023-08-30T16:02:27+00:00","dateModified":"2023-09-13T15:50:09+00:00","breadcrumb":{"@id":"https://fipguadalquivir.org/en/artist/carmen-perez-salmoral/#breadcrumb"},"inLanguage":"en-US","potentialAction":[{"@type":"ReadAction","target":["https://fipguadalquivir.org/en/artist/carmen-perez-salmoral/"]}]},{"@type":"BreadcrumbList","@id":"https://fipguadalquivir.org/en/artist/carmen-perez-salmoral/#breadcrumb","itemListElement":[{"@type":"ListItem","position":1,"name":"Portada","item":"https://fipguadalquivir.org/en/"},{"@type":"ListItem","position":2,"name":"Artistas","item":"https://fipguadalquivir.org/en/artistas/"},{"@type":"ListItem","position":3,"name":"Carmen Pérez Salmoral"}]},{"@type":"WebSite","@id":"https://fipguadalquivir.org/en/#website","url":"https://fipguadalquivir.org/en/","name":"14 FIP Guadalquivir","description":"","potentialAction":[{"@type":"SearchAction","target":{"@type":"EntryPoint","urlTemplate":"https://fipguadalquivir.org/en/?s={search_term_string}"},"query-input":"required name=search_term_string"}],"inLanguage":"en-US"}]}</script>
<!-- / Yoast SEO plugin. -->

Carmen Pérez Salmoral - 14 FIP Guadalquivir

Carmen Pérez Salmoral, born in 2002 in Valencina, Sevilla, has earned accolades in various piano competitions, notably the I Julio García Casas Piano Competition for Young Talents, the Jerez City Piano Competition, the Esteban Sánchez International Piano Competition, the Marisa Montiel Linares City Piano Competition, and the Infanta Cristina Piano Competition. Thanks to the latter, [&hellip;]
