{"id":9225,"date":"2023-09-02T12:06:54","date_gmt":"2023-09-02T10:06:54","guid":{"rendered":"https:\/\/fipguadalquivir.org\/artista\/rosa-torres-pardo\/"},"modified":"2023-09-13T17:48:44","modified_gmt":"2023-09-13T15:48:44","slug":"rosa-torres-pardo","status":"publish","type":"artista","link":"https:\/\/fipguadalquivir.org\/en\/artist\/rosa-torres-pardo\/","title":{"rendered":"Rosa Torres-Pardo"},"content":{"rendered":"\n<p>Rosa Torres-Pardo, the recipient of the National Music Prize in 2017, stands as one of Spain&#8217;s most renowned pianists. She earned the Extraordinary Graduation Award from the Royal Conservatory of Music in Madrid. Her education led her to study with Joaqu\u00edn Soriano and Gloria Olaya in Spain, followed by further studies with Mar\u00eda Curcio in London, Adele Marcus at The Juilliard School of Music in New York, and Hans Graff in Vienna.<\/p>\n\n\n\n<p>Throughout her illustrious career, Rosa has garnered numerous honors and awards. Notably, she won the Masterplayers International Piano Competition in Lugano, Switzerland. Additionally, Rosa received the Isaac Alb\u00e9niz Medal for performance and dissemination in the Iberian peninsula, sharing the award with Alicia de Larrocha.<\/p>\n\n\n\n<p>Rosa made her debut at the Teatro Real in Madrid in 1987, performing Prokofiev&#8217;s Third Concerto with the German orchestra Philharmonia Hungarica under the baton of Jean-Bernard Pommier. Since then, she has graced the most prestigious stages worldwide and collaborated with esteemed orchestras, including the Los Angeles Philharmonic in Hollywood Bowl, Royal Philharmonic in London, Orchestre Symphonique of Montr\u00e9al, Philharmonisches Staatsorchester Hamburg, St. Petersburg Philharmonic, Rundfunk-Sinfonieorchester Berlin, and the Moscow Virtuosos, among others. Her performances have been conducted by renowned maestros like Charles Dutoit, Vladimir Spivakov, Tam\u00e1s V\u00e1s\u00e1ry, Jos\u00e9 Serebrier, Yuri Temirkanov, and Jean Fournet. Rosa has appeared in renowned venues such as Carnegie Hall, Alice Tully Hall in New York, Kennedy Center in Washington, Wigmore Hall in London, Konzerthaus in Berlin, Musikhalle in Hamburg, Teatro Col\u00f3n in Buenos Aires, Hong Kong City Hall, Sala de las Columnas in Moscow, and more.&nbsp;<\/p>\n\n\n\n<p>Rosa has also shared the stage with Pl\u00e1cido Domingo in the United States and delivered concerts and recitals in Spain in collaboration with the country&#8217;s most prestigious orchestras. She has undertaken concert tours across America, Australia, Asia, and Europe and has collaborated with chamber groups such as the Melos, Assai, and Jan\u00e1\u010dek quartets, as well as with renowned singers like Mar\u00eda Bayo, Marina Pardo, and Isabel Rey.&nbsp;<\/p>\n\n\n\n<p>Rosa Torres-Pardo &#8216;s discography features recordings for esteemed labels like Decca, Deutsche Grammophon, Calando, Naxos, and Glossa. Her recorded works include remarkable performances of Granados&#8217; Goyescas, Ballets Russes (Prokofiev and Stravinsky), Montsalvatge&#8217;s Concierto Breve, and Alb\u00e9niz&#8217;s Rapsodia, in collaboration with the Tenerife Symphony Orchestra. She has also recorded Nin Culmell&#8217;s Concerto with the Royal Symphony Orchestra of Seville and Concerto No. 3 by Balada with the Symphony Orchestra of Barcelona and National Orchestra of Catalonia. Recently, she recorded &#8220;Tangos, habaneras y otras milongas&#8221; for Deutsche Grammophon, &#8220;Las Horas Vac\u00edas&#8221; by Ricardo Llorca with the Manhattan Choral Ensemble, and Antonio Soler&#8217;s Quintets for Columna M\u00fasica with the Breton Quartet. Her latest recording, &#8220;Flamencos,&#8221; in collaboration with the cantaora (flamenco singer) Rocio M\u00e1rquez, was released under the March Vivo label.<\/p>\n\n\n\n<p>In recent years, Rosa Torres-Pardo has engaged in various interdisciplinary projects, including the musical film &#8220;Iberia&#8221; directed by Carlos Saura, &#8220;Alb\u00e9niz, el color de la m\u00fasica&#8221; by L\u00f3pez-Linares, &#8220;La vida rima&#8221; alongside singer Ana Bel\u00e9n, and &#8220;As\u00ed que pasen 100 a\u00f1os&#8221; by Javier Rioyo. Additionally, she has produced and starred in documentary films &#8220;Una rosa para Soler,&#8221; which focuses on the composer Antonio Soler, and &#8220;El amor y la muerte,&#8221; dedicated to Enrique Granados.<\/p>\n\n\n\n<p>Looking ahead, Rosa Torres-Pardo is set to embark on &#8220;The Runaways,&#8221; a concert tour taking her to various cities in the United States, including New York, Albuquerque, Chicago, and Los Angeles. Furthermore, she is involved in &#8220;Nosotros,&#8221; a project alongside the acclaimed actor Mario Gas. With a script by Luis Garcia Montero, &#8220;Nosotros&#8221; will premiere at the Abad\u00eda Theater in Madrid in December 2023.<\/p>\n\n\n\n<p>Rosa Torres-Pardo holds the esteemed position of being an artist-in-residence at The New York Opera Society since 2011.<\/p>\n","protected":false},"featured_media":9226,"template":"","disciplina":[86],"class_list":["post-9225","artista","type-artista","status-publish","has-post-thumbnail","hentry","disciplina-pianist"],"yoast_head":"<!-- This site is optimized with the Yoast SEO plugin v21.1 - https:\/\/yoast.com\/wordpress\/plugins\/seo\/ -->\n<title>Rosa Torres-Pardo - 14 FIP Guadalquivir<\/title>\n<meta name=\"robots\" content=\"index, follow, max-snippet:-1, max-image-preview:large, max-video-preview:-1\" \/>\n<link rel=\"canonical\" href=\"https:\/\/fipguadalquivir.org\/en\/artist\/rosa-torres-pardo\/\" \/>\n<meta property=\"og:locale\" content=\"en_US\" \/>\n<meta property=\"og:type\" content=\"article\" \/>\n<meta property=\"og:title\" content=\"Rosa Torres-Pardo - 14 FIP Guadalquivir\" \/>\n<meta property=\"og:description\" content=\"Rosa Torres-Pardo, the recipient of the National Music Prize in 2017, stands as one of Spain&#8217;s most renowned pianists. She earned the Extraordinary Graduation Award from the Royal Conservatory of Music in Madrid. Her education led her to study with Joaqu\u00edn Soriano and Gloria Olaya in Spain, followed by further studies with Mar\u00eda Curcio in [&hellip;]\" \/>\n<meta property=\"og:url\" content=\"https:\/\/fipguadalquivir.org\/en\/artist\/rosa-torres-pardo\/\" \/>\n<meta property=\"og:site_name\" content=\"14 FIP Guadalquivir\" \/>\n<meta property=\"article:modified_time\" content=\"2023-09-13T15:48:44+00:00\" \/>\n<meta property=\"og:image\" content=\"https:\/\/fipguadalquivir.org\/wp-content\/uploads\/2023\/09\/rosa-torres-pardo-artista.jpg\" \/>\n\t<meta property=\"og:image:width\" content=\"2300\" \/>\n\t<meta property=\"og:image:height\" content=\"1301\" \/>\n\t<meta property=\"og:image:type\" content=\"image\/jpeg\" \/>\n<meta name=\"twitter:card\" content=\"summary_large_image\" \/>\n<meta name=\"twitter:label1\" content=\"Est. reading time\" \/>\n\t<meta name=\"twitter:data1\" content=\"3 minutes\" \/>\n<script type=\"application\/ld+json\" class=\"yoast-schema-graph\">{\"@context\":\"https:\/\/schema.org\",\"@graph\":[{\"@type\":\"WebPage\",\"@id\":\"https:\/\/fipguadalquivir.org\/en\/artist\/rosa-torres-pardo\/\",\"url\":\"https:\/\/fipguadalquivir.org\/en\/artist\/rosa-torres-pardo\/\",\"name\":\"Rosa Torres-Pardo - 14 FIP Guadalquivir\",\"isPartOf\":{\"@id\":\"https:\/\/fipguadalquivir.org\/en\/#website\"},\"datePublished\":\"2023-09-02T10:06:54+00:00\",\"dateModified\":\"2023-09-13T15:48:44+00:00\",\"breadcrumb\":{\"@id\":\"https:\/\/fipguadalquivir.org\/en\/artist\/rosa-torres-pardo\/#breadcrumb\"},\"inLanguage\":\"en-US\",\"potentialAction\":[{\"@type\":\"ReadAction\",\"target\":[\"https:\/\/fipguadalquivir.org\/en\/artist\/rosa-torres-pardo\/\"]}]},{\"@type\":\"BreadcrumbList\",\"@id\":\"https:\/\/fipguadalquivir.org\/en\/artist\/rosa-torres-pardo\/#breadcrumb\",\"itemListElement\":[{\"@type\":\"ListItem\",\"position\":1,\"name\":\"Portada\",\"item\":\"https:\/\/fipguadalquivir.org\/en\/\"},{\"@type\":\"ListItem\",\"position\":2,\"name\":\"Artistas\",\"item\":\"https:\/\/fipguadalquivir.org\/en\/artistas\/\"},{\"@type\":\"ListItem\",\"position\":3,\"name\":\"Rosa Torres-Pardo\"}]},{\"@type\":\"WebSite\",\"@id\":\"https:\/\/fipguadalquivir.org\/en\/#website\",\"url\":\"https:\/\/fipguadalquivir.org\/en\/\",\"name\":\"14 FIP Guadalquivir\",\"description\":\"\",\"potentialAction\":[{\"@type\":\"SearchAction\",\"target\":{\"@type\":\"EntryPoint\",\"urlTemplate\":\"https:\/\/fipguadalquivir.org\/en\/?s={search_term_string}\"},\"query-input\":\"required name=search_term_string\"}],\"inLanguage\":\"en-US\"}]}<\/script>\n<!-- \/ Yoast SEO plugin. -->","yoast_head_json":{"title":"Rosa Torres-Pardo - 14 FIP Guadalquivir","robots":{"index":"index","follow":"follow","max-snippet":"max-snippet:-1","max-image-preview":"max-image-preview:large","max-video-preview":"max-video-preview:-1"},"canonical":"https:\/\/fipguadalquivir.org\/en\/artist\/rosa-torres-pardo\/","og_locale":"en_US","og_type":"article","og_title":"Rosa Torres-Pardo - 14 FIP Guadalquivir","og_description":"Rosa Torres-Pardo, the recipient of the National Music Prize in 2017, stands as one of Spain&#8217;s most renowned pianists. She earned the Extraordinary Graduation Award from the Royal Conservatory of Music in Madrid. Her education led her to study with Joaqu\u00edn Soriano and Gloria Olaya in Spain, followed by further studies with Mar\u00eda Curcio in [&hellip;]","og_url":"https:\/\/fipguadalquivir.org\/en\/artist\/rosa-torres-pardo\/","og_site_name":"14 FIP Guadalquivir","article_modified_time":"2023-09-13T15:48:44+00:00","og_image":[{"width":2300,"height":1301,"url":"https:\/\/fipguadalquivir.org\/wp-content\/uploads\/2023\/09\/rosa-torres-pardo-artista.jpg","type":"image\/jpeg"}],"twitter_card":"summary_large_image","twitter_misc":{"Est. reading time":"3 minutes"},"schema":{"@context":"https:\/\/schema.org","@graph":[{"@type":"WebPage","@id":"https:\/\/fipguadalquivir.org\/en\/artist\/rosa-torres-pardo\/","url":"https:\/\/fipguadalquivir.org\/en\/artist\/rosa-torres-pardo\/","name":"Rosa Torres-Pardo - 14 FIP Guadalquivir","isPartOf":{"@id":"https:\/\/fipguadalquivir.org\/en\/#website"},"datePublished":"2023-09-02T10:06:54+00:00","dateModified":"2023-09-13T15:48:44+00:00","breadcrumb":{"@id":"https:\/\/fipguadalquivir.org\/en\/artist\/rosa-torres-pardo\/#breadcrumb"},"inLanguage":"en-US","potentialAction":[{"@type":"ReadAction","target":["https:\/\/fipguadalquivir.org\/en\/artist\/rosa-torres-pardo\/"]}]},{"@type":"BreadcrumbList","@id":"https:\/\/fipguadalquivir.org\/en\/artist\/rosa-torres-pardo\/#breadcrumb","itemListElement":[{"@type":"ListItem","position":1,"name":"Portada","item":"https:\/\/fipguadalquivir.org\/en\/"},{"@type":"ListItem","position":2,"name":"Artistas","item":"https:\/\/fipguadalquivir.org\/en\/artistas\/"},{"@type":"ListItem","position":3,"name":"Rosa Torres-Pardo"}]},{"@type":"WebSite","@id":"https:\/\/fipguadalquivir.org\/en\/#website","url":"https:\/\/fipguadalquivir.org\/en\/","name":"14 FIP Guadalquivir","description":"","potentialAction":[{"@type":"SearchAction","target":{"@type":"EntryPoint","urlTemplate":"https:\/\/fipguadalquivir.org\/en\/?s={search_term_string}"},"query-input":"required name=search_term_string"}],"inLanguage":"en-US"}]}},"_links":{"self":[{"href":"https:\/\/fipguadalquivir.org\/en\/wp-json\/wp\/v2\/artista\/9225","targetHints":{"allow":["GET"]}}],"collection":[{"href":"https:\/\/fipguadalquivir.org\/en\/wp-json\/wp\/v2\/artista"}],"about":[{"href":"https:\/\/fipguadalquivir.org\/en\/wp-json\/wp\/v2\/types\/artista"}],"wp:featuredmedia":[{"embeddable":true,"href":"https:\/\/fipguadalquivir.org\/en\/wp-json\/wp\/v2\/media\/9226"}],"wp:attachment":[{"href":"https:\/\/fipguadalquivir.org\/en\/wp-json\/wp\/v2\/media?parent=9225"}],"wp:term":[{"taxonomy":"disciplina","embeddable":true,"href":"https:\/\/fipguadalquivir.org\/en\/wp-json\/wp\/v2\/disciplina?post=9225"}],"curies":[{"name":"wp","href":"https:\/\/api.w.org\/{rel}","templated":true}]}}

<p>Rosa Torres-Pardo, the recipient of the National Music Prize in 2017, stands as one of Spain&#8217;s most renowned pianists. She earned the Extraordinary Graduation Award from the Royal Conservatory of Music in Madrid. Her education led her to study with Joaquín Soriano and Gloria Olaya in Spain, followed by further studies with María Curcio in London, Adele Marcus at The Juilliard School of Music in New York, and Hans Graff in Vienna.</p>



<p>Throughout her illustrious career, Rosa has garnered numerous honors and awards. Notably, she won the Masterplayers International Piano Competition in Lugano, Switzerland. Additionally, Rosa received the Isaac Albéniz Medal for performance and dissemination in the Iberian peninsula, sharing the award with Alicia de Larrocha.</p>



<p>Rosa made her debut at the Teatro Real in Madrid in 1987, performing Prokofiev&#8217;s Third Concerto with the German orchestra Philharmonia Hungarica under the baton of Jean-Bernard Pommier. Since then, she has graced the most prestigious stages worldwide and collaborated with esteemed orchestras, including the Los Angeles Philharmonic in Hollywood Bowl, Royal Philharmonic in London, Orchestre Symphonique of Montréal, Philharmonisches Staatsorchester Hamburg, St. Petersburg Philharmonic, Rundfunk-Sinfonieorchester Berlin, and the Moscow Virtuosos, among others. Her performances have been conducted by renowned maestros like Charles Dutoit, Vladimir Spivakov, Tamás Vásáry, José Serebrier, Yuri Temirkanov, and Jean Fournet. Rosa has appeared in renowned venues such as Carnegie Hall, Alice Tully Hall in New York, Kennedy Center in Washington, Wigmore Hall in London, Konzerthaus in Berlin, Musikhalle in Hamburg, Teatro Colón in Buenos Aires, Hong Kong City Hall, Sala de las Columnas in Moscow, and more.&nbsp;</p>



<p>Rosa has also shared the stage with Plácido Domingo in the United States and delivered concerts and recitals in Spain in collaboration with the country&#8217;s most prestigious orchestras. She has undertaken concert tours across America, Australia, Asia, and Europe and has collaborated with chamber groups such as the Melos, Assai, and Janáček quartets, as well as with renowned singers like María Bayo, Marina Pardo, and Isabel Rey.&nbsp;</p>



<p>Rosa Torres-Pardo &#8216;s discography features recordings for esteemed labels like Decca, Deutsche Grammophon, Calando, Naxos, and Glossa. Her recorded works include remarkable performances of Granados&#8217; Goyescas, Ballets Russes (Prokofiev and Stravinsky), Montsalvatge&#8217;s Concierto Breve, and Albéniz&#8217;s Rapsodia, in collaboration with the Tenerife Symphony Orchestra. She has also recorded Nin Culmell&#8217;s Concerto with the Royal Symphony Orchestra of Seville and Concerto No. 3 by Balada with the Symphony Orchestra of Barcelona and National Orchestra of Catalonia. Recently, she recorded &#8220;Tangos, habaneras y otras milongas&#8221; for Deutsche Grammophon, &#8220;Las Horas Vacías&#8221; by Ricardo Llorca with the Manhattan Choral Ensemble, and Antonio Soler&#8217;s Quintets for Columna Música with the Breton Quartet. Her latest recording, &#8220;Flamencos,&#8221; in collaboration with the cantaora (flamenco singer) Rocio Márquez, was released under the March Vivo label.</p>



<p>In recent years, Rosa Torres-Pardo has engaged in various interdisciplinary projects, including the musical film &#8220;Iberia&#8221; directed by Carlos Saura, &#8220;Albéniz, el color de la música&#8221; by López-Linares, &#8220;La vida rima&#8221; alongside singer Ana Belén, and &#8220;Así que pasen 100 años&#8221; by Javier Rioyo. Additionally, she has produced and starred in documentary films &#8220;Una rosa para Soler,&#8221; which focuses on the composer Antonio Soler, and &#8220;El amor y la muerte,&#8221; dedicated to Enrique Granados.</p>



<p>Looking ahead, Rosa Torres-Pardo is set to embark on &#8220;The Runaways,&#8221; a concert tour taking her to various cities in the United States, including New York, Albuquerque, Chicago, and Los Angeles. Furthermore, she is involved in &#8220;Nosotros,&#8221; a project alongside the acclaimed actor Mario Gas. With a script by Luis Garcia Montero, &#8220;Nosotros&#8221; will premiere at the Abadía Theater in Madrid in December 2023.</p>



<p>Rosa Torres-Pardo holds the esteemed position of being an artist-in-residence at The New York Opera Society since 2011.</p>

<!-- This site is optimized with the Yoast SEO plugin v21.1 - https://yoast.com/wordpress/plugins/seo/ -->
<title>Rosa Torres-Pardo - 14 FIP Guadalquivir</title>
<meta name="robots" content="index, follow, max-snippet:-1, max-image-preview:large, max-video-preview:-1" />
<link rel="canonical" href="https://fipguadalquivir.org/en/artist/rosa-torres-pardo/" />
<meta property="og:locale" content="en_US" />
<meta property="og:type" content="article" />
<meta property="og:title" content="Rosa Torres-Pardo - 14 FIP Guadalquivir" />
<meta property="og:description" content="Rosa Torres-Pardo, the recipient of the National Music Prize in 2017, stands as one of Spain&#8217;s most renowned pianists. She earned the Extraordinary Graduation Award from the Royal Conservatory of Music in Madrid. Her education led her to study with Joaquín Soriano and Gloria Olaya in Spain, followed by further studies with María Curcio in [&hellip;]" />
<meta property="og:url" content="https://fipguadalquivir.org/en/artist/rosa-torres-pardo/" />
<meta property="og:site_name" content="14 FIP Guadalquivir" />
<meta property="article:modified_time" content="2023-09-13T15:48:44+00:00" />
<meta property="og:image" content="https://fipguadalquivir.org/wp-content/uploads/2023/09/rosa-torres-pardo-artista.jpg" />
	<meta property="og:image:width" content="2300" />
	<meta property="og:image:height" content="1301" />
	<meta property="og:image:type" content="image/jpeg" />
<meta name="twitter:card" content="summary_large_image" />
<meta name="twitter:label1" content="Est. reading time" />
	<meta name="twitter:data1" content="3 minutes" />
<script type="application/ld+json" class="yoast-schema-graph">{"@context":"https://schema.org","@graph":[{"@type":"WebPage","@id":"https://fipguadalquivir.org/en/artist/rosa-torres-pardo/","url":"https://fipguadalquivir.org/en/artist/rosa-torres-pardo/","name":"Rosa Torres-Pardo - 14 FIP Guadalquivir","isPartOf":{"@id":"https://fipguadalquivir.org/en/#website"},"datePublished":"2023-09-02T10:06:54+00:00","dateModified":"2023-09-13T15:48:44+00:00","breadcrumb":{"@id":"https://fipguadalquivir.org/en/artist/rosa-torres-pardo/#breadcrumb"},"inLanguage":"en-US","potentialAction":[{"@type":"ReadAction","target":["https://fipguadalquivir.org/en/artist/rosa-torres-pardo/"]}]},{"@type":"BreadcrumbList","@id":"https://fipguadalquivir.org/en/artist/rosa-torres-pardo/#breadcrumb","itemListElement":[{"@type":"ListItem","position":1,"name":"Portada","item":"https://fipguadalquivir.org/en/"},{"@type":"ListItem","position":2,"name":"Artistas","item":"https://fipguadalquivir.org/en/artistas/"},{"@type":"ListItem","position":3,"name":"Rosa Torres-Pardo"}]},{"@type":"WebSite","@id":"https://fipguadalquivir.org/en/#website","url":"https://fipguadalquivir.org/en/","name":"14 FIP Guadalquivir","description":"","potentialAction":[{"@type":"SearchAction","target":{"@type":"EntryPoint","urlTemplate":"https://fipguadalquivir.org/en/?s={search_term_string}"},"query-input":"required name=search_term_string"}],"inLanguage":"en-US"}]}</script>
<!-- / Yoast SEO plugin. -->

Rosa Torres-Pardo, the recipient of the National Music Prize in 2017, stands as one of Spain&#8217;s most renowned pianists. She earned the Extraordinary Graduation Award from the Royal Conservatory of Music in Madrid. Her education led her to study with Joaquín Soriano and Gloria Olaya in Spain, followed by further studies with María Curcio in [&hellip;]
